{"id":1124,"date":"2018-10-17T02:39:30","date_gmt":"2018-10-17T05:39:30","guid":{"rendered":"https:\/\/iessantamaria-cat.infd.edu.ar\/sitio\/?page_id=1124"},"modified":"2018-10-17T02:40:53","modified_gmt":"2018-10-17T05:40:53","slug":"tecnico-superior-en-instrumentacion-quirurgica","status":"publish","type":"page","link":"https:\/\/iessantamaria-cat.infd.edu.ar\/sitio\/tecnico-superior-en-instrumentacion-quirurgica\/","title":{"rendered":"Tecnico Superior en Instrumentaci\u00f3n Quir\u00fargica"},"content":{"rendered":"<p><strong>CARRERA: Instrumentador Quir\u00fargico<\/strong><\/p>\n<p><strong>T\u00cdTULO QUE OTORGA: <\/strong>Instrumentador Quir\u00fargico<\/p>\n<p><strong>VALIDEZ: <\/strong>Nacional<\/p>\n<p><strong>DURACI\u00d3N: <\/strong>Tres (3) a\u00f1os &#8211;\u00a0<a href=\"https:\/\/iessantamaria-cat.infd.edu.ar\/sitio\/wp-content\/uploads\/2018\/10\/PLAN-DE-ESTUDIO-TEC._EN_INSTRUMENTACION_QUIRURGICA.pdf\">PLAN DE ESTUDIO TEC._EN_INSTRUMENTACION_QUIRURGICA<\/a><\/p>\n<p><strong>CONDICIONES DE INGRESO: <\/strong>Egresado de la Educaci\u00f3n Secundaria o Educaci\u00f3n Polimodal. Para los alumnos mayores de\u00a0 25 a\u00f1os sin T\u00edtulo Secundario, se acoger\u00e1n a lo establecido por la Ley de Educaci\u00f3n Superior N\u00b024521 (Art. 7\u00b0)<\/p>\n<p><img decoding=\"async\" loading=\"lazy\" class=\"wp-image-1125 aligncenter\" src=\"https:\/\/iessantamaria-cat.infd.edu.ar\/sitio\/wp-content\/uploads\/2018\/10\/quirurgicos.jpg\" alt=\"\" width=\"761\" height=\"428\" srcset=\"https:\/\/iessantamaria-cat.infd.edu.ar\/sitio\/wp-content\/uploads\/2018\/10\/quirurgicos.jpg 960w, https:\/\/iessantamaria-cat.infd.edu.ar\/sitio\/wp-content\/uploads\/2018\/10\/quirurgicos-768x432.jpg 768w\" sizes=\"(max-width: 761px) 100vw, 761px\" \/><\/p>\n<p>&nbsp;<\/p>\n<p><strong>INCUMBENCIAS:<\/strong><\/p>\n<ul>\n<li><strong>\u00c1REAS DE COMPETENCIAS PROFESIONALES<\/strong><\/li>\n<\/ul>\n<p>El Instrumentador Quir\u00fargico, ser\u00e1 el profesional con una formaci\u00f3n cient\u00edfica, t\u00e9cnica y humana, que los tiempos requieren.<\/p>\n<p><strong><u>Capacitado para<\/u><\/strong><\/p>\n<p>a)\u00a0\u00a0 \u00a0Asistir al cirujano, ayudantes y dem\u00e1s miembros del equipo quir\u00fargico, con habilidad, destreza, basado en conocimientos adquiridos, anticip\u00e1ndose a las acciones que determinan las distintas etapas del acto quir\u00fargico.<br \/>\nb)\u00a0\u00a0 \u00a0Desempe\u00f1ar la labor de preparaci\u00f3n, asistencia y acondicionamiento de las salas de operaciones involucradas en los diversos procedimientos quir\u00fargicos.<br \/>\nc)\u00a0\u00a0 \u00a0Organizar los recursos\u00a0 humanos y materiales, de igual manera el contexto para el buen desarrollo de las distintas intervenciones quir\u00fargicas programadas y de urgencias.<br \/>\nd)\u00a0\u00a0 \u00a0Asistir directa e indirectamente al paciente quir\u00fargico, respetando sus derechos,\u00a0 su privacidad y su estado emocional.<br \/>\ne)\u00a0\u00a0 \u00a0Formar parte de equipos interdisciplinarios en el campo de la salud, con el prop\u00f3sito de abordar estudios exploratorios y de investigaci\u00f3n, a cerca de la Instrumentaci\u00f3n Quir\u00fargica en particular y de la Salud en general.<\/p>\n<ul>\n<li><strong>\u00c1REAS OCUPACIONALES\/LABORALES<\/strong><\/li>\n<\/ul>\n<p>T\u00edtulo habilitante para trabajar en todos los establecimientos de salud p\u00fablicos o privados de todo el pa\u00eds, con matr\u00edcula nacional del Ministerio de Salud P\u00fablica<\/p>\n<p><strong>ALCANCE DEL TITULO<\/strong><\/p>\n<ul>\n<li>Respetar y controlar el cumplimiento de las normas de asepsia y antisepsia.<\/li>\n<li>Supervisar al ingreso del paciente al \u00e1rea quir\u00fargica y quir\u00f3fano la identidad del paciente y su historia cl\u00ednica.<\/li>\n<li>Preparar y controlar el instrumental, material y accesorios necesarios para el acto quir\u00fargico, realizar y controlar la esterilizaci\u00f3n de los mismos.<\/li>\n<li>Seleccionar, preparar y controlar los equipos, instrumental, material y accesorios para cada intervenci\u00f3n quir\u00fargica.<\/li>\n<li>Supervisar el ingreso y egreso del paciente al quir\u00f3fano y la ubicaci\u00f3n del mismo en la mesa quir\u00fargica.<\/li>\n<li>Seleccionar y suministrar al cirujano y ayudante, el instrumental, material y accesorios necesarios de acuerdo al tipo y t\u00e9cnica de la intervenci\u00f3n quir\u00fargica.<\/li>\n<li>Realizar el control del instrumental, material y accesorio necesario, antes, durante y despu\u00e9s del acto quir\u00fargico.<\/li>\n<li>Participar en proyectos del dise\u00f1o de desechos hospitalarios.<\/li>\n<li>Participar en comit\u00e9 de control de infecciones hospitalarias en general y en infecciones quir\u00fargicas en particular.<\/li>\n<li>Participar junto al equipo de salud en actividades relacionadas a proyectos y programas\u00a0 de\u00a0 investigaci\u00f3n cient\u00edfica.<\/li>\n<\/ul>\n<p><strong>OBJETIVOS DE FORMACI\u00d3N<\/strong>:<\/p>\n<p>Formar profesionales de nivel t\u00e9cnico superior que sean capaces tanto \u00a0en el \u00e1mbito regional\u00a0como nacional e internacional de:<\/p>\n<ul>\n<li>Procurar que el futuro profesional adquiera los conocimientos cient\u00edficos y la competencia t\u00e9cnica necesaria para la pr\u00e1ctica asistencial en salas de cirug\u00edas.<\/li>\n<li>Estimular la capacidad de observaci\u00f3n, an\u00e1lisis, discernimiento, reflexi\u00f3n y juicio cr\u00edtico para resolver en forma precisa, r\u00e1pida y segura los distintos problemas que se le presenten en el campo de su profesi\u00f3n.<\/li>\n<li>Incentivar el desarrollo del equilibrio emocional necesario para que act\u00fae profesionalmente ante las situaciones de emergencia individual y\/o colectiva.<\/li>\n<li>Contribuir a la formaci\u00f3n de una conciencia clara de sus deberes profesionales para que sea capaz de asumir la responsabilidad de sus actos, y desarrollar una conducta a fin con los principios \u00e9ticos-religiosos que rigen el comportamiento humano.<\/li>\n<li>Generar y aplicar conocimientos cient\u00edficos y tecnol\u00f3gicos en el \u00e1rea de desarrollo de sus competencias.<\/li>\n<li>Desarrollar un esp\u00edritu de compromiso con nuestra identidad nacional.<\/li>\n<\/ul>\n","protected":false},"excerpt":{"rendered":"<p>CARRERA: Instrumentador Quir\u00fargico T\u00cdTULO QUE OTORGA: Instrumentador Quir\u00fargico VALIDEZ: Nacional DURACI\u00d3N: Tres (3) a\u00f1os &#8211;\u00a0PLAN DE ESTUDIO TEC._EN_INSTRUMENTACION_QUIRURGICA CONDICIONES DE INGRESO: Egresado de la Educaci\u00f3n Secundaria o Educaci\u00f3n Polimodal. Para los alumnos mayores de\u00a0 25 a\u00f1os sin T\u00edtulo Secundario, se acoger\u00e1n a lo establecido por la Ley de Educaci\u00f3n Superior N\u00b024521 (Art. 7\u00b0) &nbsp; INCUMBENCIAS: &#8230; <a title=\"Tecnico Superior en Instrumentaci\u00f3n Quir\u00fargica\" class=\"read-more\" href=\"https:\/\/iessantamaria-cat.infd.edu.ar\/sitio\/tecnico-superior-en-instrumentacion-quirurgica\/\" aria-label=\"More on Tecnico Superior en Instrumentaci\u00f3n Quir\u00fargica\">[+]<\/a><\/p>\n","protected":false},"author":45,"featured_media":0,"parent":0,"menu_order":0,"comment_status":"closed","ping_status":"closed","template":"","meta":[],"acf":[],"_links":{"self":[{"href":"https:\/\/iessantamaria-cat.infd.edu.ar\/sitio\/wp-json\/wp\/v2\/pages\/1124"}],"collection":[{"href":"https:\/\/iessantamaria-cat.infd.edu.ar\/sitio\/wp-json\/wp\/v2\/pages"}],"about":[{"href":"https:\/\/iessantamaria-cat.infd.edu.ar\/sitio\/wp-json\/wp\/v2\/types\/page"}],"author":[{"embeddable":true,"href":"https:\/\/iessantamaria-cat.infd.edu.ar\/sitio\/wp-json\/wp\/v2\/users\/45"}],"replies":[{"embeddable":true,"href":"https:\/\/iessantamaria-cat.infd.edu.ar\/sitio\/wp-json\/wp\/v2\/comments?post=1124"}],"version-history":[{"count":2,"href":"https:\/\/iessantamaria-cat.infd.edu.ar\/sitio\/wp-json\/wp\/v2\/pages\/1124\/revisions"}],"predecessor-version":[{"id":1128,"href":"https:\/\/iessantamaria-cat.infd.edu.ar\/sitio\/wp-json\/wp\/v2\/pages\/1124\/revisions\/1128"}],"wp:attachment":[{"href":"https:\/\/iessantamaria-cat.infd.edu.ar\/sitio\/wp-json\/wp\/v2\/media?parent=1124"}],"curies":[{"name":"wp","href":"https:\/\/api.w.org\/{rel}","templated":true}]}}